ds digit of 254767246?
7
What is the thousands digit of 802045973?
5
What is the hundreds digit of 592429950?
9
What is the hundred millions digit of 128458468?
1
What is the hundred millions digit of 635672830?
6
What is the hundred millions digit of 257512138?
2
What is the thousands digit of 5594577004?
7
What is the millions digit of 425014311?
5
What is the millions digit of 22903063?
2
What is the ten millions digit of 110982748?
1
What is the millions digit of 205954850?
5
What is the ten millions digit of 2800665687?
0
What is the hundred thousands digit of 1339191910?
1
What is the ten millions digit of 29674776?
2
What is the ten thousands digit of 194157255?
5
What is the hundreds digit of 154426847?
8
What is the ten thousands digit of 5557665009?
6
What is the thousands digit of 203366465?
6
What is the millions digit of 6611425?
6
What is the ten millions digit of 107578399?
0
What is the ten millions digit of 84525459?
8
What is the ten millions digit of 195854518?
9
What is the tens digit of 4787546976?
7
What is the thousands digit of 4801783841?
3
What is the millions digit of 70879826?
0
What is the hundred thousands digit of 1512777099?
7
What is the hundred thousands digit of 11492088?
4
What is the hundred thousands digit of 60144891?
1
What is the hundred millions digit of 3916717884?
9
What is the ten thousands digit of 202699295?
9
What is the ten thousands digit of 426595377?
9
What is the thousands digit of 89385725?
5
What is the thousands digit of 408895991?
5
What is the millions digit of 44031919?
4
What is the tens digit of 2554714654?
5
What is the tens digit of 722927312?
1
What is the hundred thousands digit of 94106337?
1
What is the units digit of 2516585273?
3
What is the thousands digit of 2897851935?
1
What is the hundreds digit of 3847861769?
7
What is the millions digit of 231092411?
1
What is the hundreds digit of 66813817?
8
What is the tens digit of 296554697?
9
What is the thousands digit of 143434174?
4
What is the ten thousands digit of 2066260154?
6
What is the thousands digit of 3685109614?
9
What is the millions digit of 1430277630?
0
What is the hundred millions digit of 5260140501?
2
What is the hundred millions digit of 198606422?
1
What is the tens digit of 562958133?
3
What is the thousands digit of 586690986?
0
What is the millions digit of 1376379066?
6
What is the tens digit of 1176088868?
6
What is the thousands digit of 2493155826?
5
What is the hundred thousands digit of 73428920?
4
What is the hundred thousands digit of 585153808?
1
What is the units digit of 16530422?
2
What is the ten thousands digit of 130259583?
5
What is the hundred millions digit of 611407375?
6
What is the hundreds digit of 5021611234?
2
What is the units digit of 3273313081?
1
What is the hundred millions digit of 299699236?
2
What is the tens digit of 952354238?
3
What is the thousands digit of 82176528?
6
What is the ten millions digit of 51634485?
5
What is the hundred thousands digit of 166244079?
2
What is the hundreds digit of 439264544?
5
What is the units digit of 3050895978?
8
What is the hundred millions digit of 809239099?
8
What is the hundred thousands digit of 306466722?
4
What is the tens digit of 1622599574?
7
What is the ten thousands digit of 338973293?
7
What is the hundreds digit of 77404165?
1
What is the ten millions digit of 435179274?
3
What is the ten thousands digit of 60601854?
0
What is the ten thousands digit of 2158712841?
1
What is the tens digit of 2925443918?
1
What is the ten thousands digit of 1489742342?
4
What is the tens digit of 174229813?
1
What is the hundreds digit of 171879229?
2
What is the ten millions digit of 4778402177?
7
What is the thousands digit of 24931926?
1
What is the units digit of 4505125556?
6
What is the units digit of 12635142?
2
What is the hundred thousands digit of 215100293?
1
What is the hundred thousands digit of 1997497567?
4
What is the hundreds digit of 85473750?
7
What is the ten thousands digit of 1750605678?
0
What is the hundred thousands digit of 35346084?
3
What is the millions digit of 107348325?
7
What is the units digit of 316934770?
0
What is the hundred thousands digit of 4801340375?
3
What is the units digit of 3172019861?
1
What is the hundred thousands digit of 22483104?
4
What is the ten thousands digit of 12390314?
9
What is the tens digit of 158715828?
2
What is the hundred millions digit of 3635173323?
6
What is the thousands digit of 8010568?
0
What is the ten thousands digit of 82699970?
9
What is the hundred millions digit of 130788676?
1
What is the hundred thousands digit of 141326068?
3
What is the tens digit of 1008217?
1
What is the thousands digit of 3144358865?
8
What is the hundreds digit of 1120920351?
3
What is the ten thousands digit of 1060936997?
3
What is the hundreds digit of 41836703?
7
What is the units digit of 99836161?
1
What is the hundreds digit of 56490648?
6
What is the hundred thousands digit of 406807401?
8
What is the tens digit of 77225181?
8
What is the millions digit of 63668726?
3
What is the hundred millions digit of 2064629553?
0
What is the millions digit of 50046077?
0
What is the units digit of 1338958259?
9
What is the billions digit of 7268826636?
7
What is the units digit of 25226769?
9
What is the ten millions digit of 1497666995?
9
What is the millions digit of 2242979056?
2
What is the thousands digit of 3255098888?
8
What is the hundreds digit of 325894062?
0
What is the thousands digit of 584962816?
2
What is the ten millions digit of 837670367?
3
What is the ten thousands digit of 158630312?
3
What is the billions digit of 1069477231?
1
What is the units digit of 375882598?
8
What is the ten thousands digit of 106414353?
1
What is the ten millions digit of 32583731?
3
What is the millions digit of 48922529?
8
What is the hundreds digit of 95581515?
5
What is the thousands digit of 2318055713?
5
What is the units digit of 563977095?
5
What is the hundreds digit of 848858?
8
What is the ten millions digit of 494120728?
9
What is the units digit of 126661794?
4
What is the units digit of 158133933?
3
What is the millions digit of 30221127?
0
What is the hundreds digit of 2554557317?
3
What is the tens digit of 952512516?
1
What is the hundred thousands digit of 882007247?
0
What is the ten millions digit of 2398207720?
9
What is the ten millions digit of 974307062?
7
What is the hundreds digit of 79102219?
2
What is the ten thousands digit of 898551843?
5
What is the millions digit of 54343731?
4
What is the thousands digit of 2884783323?
3
What is the hundred thousands digit of 1958639717?
6
What is the hundreds digit of 102498036?
0
What is the units digit of 147843136?
6
What is the billions digit of 1818482590?
1
What is the hundred thousands digit of 2652754039?
7
What is the ten thousands digit of 154712315?
1
What is the ten thousands digit of 4588352336?
5
What is the tens digit of 39395179?
7
What is the ten millions digit of 7043528515?
4
What is the tens digit of 34283192?
9
What is the units digit of 708978168?
8
What is the tens digit of 62478?
7
What is the ten thousands digit of 140871586?
7
What is the thousands digit of 175075879?
5
What is the tens digit of 37027705?
0
What is the hundred millions digit of 2233455130?
2
What is the tens digit of 125128334?
3
What is the ten thousands digit of 92422720?
2
What is the hundred thousands digit of 137828235?
8
What is the tens digit of 20399480?
8
What is the tens digit of 3394080980?
8
What is the units digit of 172930606?
6
What is the billions digit of 7905713331?
7
What is the tens digit of 145342263?
6
What is the hundreds digit of 807043715?
7
What is the tens digit of 3230544?
4
What is the hundreds digit of 665516466?
4
What is the units digit of 5840707?
7
What is the thousands digit of 217836230?
6
What is the thousands digit of 847844548?
4
What is the millions digit of 1451607925?
1
What is the hundred millions digit of 6254744665?
2
What is the millions digit of 58360457?
8
What is the units digit of 556131564?
4
What is the units digit of 164916024?
4
What is the units digit of 208918039?
9
What is the hundreds digit of 1446101671?
6
What is the hundreds digit of 38117179?
1
What is the ten mill